{"id":120,"date":"2024-04-14T12:13:27","date_gmt":"2024-04-14T10:13:27","guid":{"rendered":"https:\/\/www.cote-tuyaux.com\/?page_id=120"},"modified":"2024-04-16T13:21:13","modified_gmt":"2024-04-16T11:21:13","slug":"le-chauffage","status":"publish","type":"page","link":"https:\/\/www.cote-tuyaux.com\/?page_id=120","title":{"rendered":"Le chauffage"},"content":{"rendered":"\n<p class=\"has-large-font-size\"><strong>La pompe \u00e0 chaleur<\/strong> :<\/p>\n\n\n\n<p>Nous vous accompagnons pour chauffer et rafra\u00eechir votre maison avec une pompe \u00e0 chaleur qui vous permettra d\u2019importantes \u00e9conomies d\u2019\u00e9nergie.<\/p>\n\n\n\n<p class=\"has-large-font-size\"><strong>Vos services C\u00f4t\u00e9 Tuyaux :<\/strong><\/p>\n\n\n\n<p>&#8211; Visite, \u00e9tude et devis gratuits<br>&#8211; Installation et mise en service<br>&#8211; Contrats d&rsquo;entretien<br>&#8211; Garantie \u00e9tendue \u00e0 5 ans sur les produits Mitsubishi Electric<br>&#8211; Accompagnement au montage de dossiers d&rsquo;aides gouvernementales<\/p>\n\n\n\n<p><\/p>\n\n\n\n<figure class=\"wp-block-image size-large\"><img loading=\"lazy\" decoding=\"async\" width=\"1024\" height=\"594\" src=\"https:\/\/www.cote-tuyaux.com\/wp-content\/uploads\/2023\/02\/UE-PAC-La-chapelle--scaled-e1677496712948-1024x594.jpg\" alt=\"pompe \u00e0 chaleur PAC\" class=\"wp-image-95\"\/><\/figure>\n\n\n\n<figure class=\"wp-block-image size-full is-resized\"><img loading=\"lazy\" decoding=\"async\" width=\"768\" height=\"178\" src=\"https:\/\/www.cote-tuyaux.com\/wp-content\/uploads\/2022\/08\/logo-rge-qualipac-cemafroid-MiElHP-2.png\" alt=\"rge qualipac\" class=\"wp-image-74\" style=\"width:294px;height:auto\" srcset=\"https:\/\/www.cote-tuyaux.com\/wp-content\/uploads\/2022\/08\/logo-rge-qualipac-cemafroid-MiElHP-2.png 768w, https:\/\/www.cote-tuyaux.com\/wp-content\/uploads\/2022\/08\/logo-rge-qualipac-cemafroid-MiElHP-2-300x70.png 300w\" sizes=\"auto, (max-width: 768px) 100vw, 768px\" \/><\/figure>\n\n\n\n<p class=\"has-large-font-size\"><strong>La chaudi\u00e8re gaz<\/strong> :<\/p>\n\n\n\n<p>Les Chaudi\u00e8res gaz \u00e0 condensation de nouvelle g\u00e9n\u00e9ration offrent des performances \u00e9lev\u00e9es pour le chauffage et la production d\u2019eau chaude sanitaire, tout en r\u00e9duisant les \u00e9missions polluantes.<\/p>\n\n\n\n<p><\/p>\n\n\n\n<figure class=\"wp-block-image size-large\"><img loading=\"lazy\" decoding=\"async\" width=\"1024\" height=\"938\" src=\"https:\/\/www.cote-tuyaux.com\/wp-content\/uploads\/2024\/04\/Capture-decran-2024-04-14-a-11.59.59-1024x938.png\" alt=\"\" class=\"wp-image-123\" srcset=\"https:\/\/www.cote-tuyaux.com\/wp-content\/uploads\/2024\/04\/Capture-decran-2024-04-14-a-11.59.59-1024x938.png 1024w, https:\/\/www.cote-tuyaux.com\/wp-content\/uploads\/2024\/04\/Capture-decran-2024-04-14-a-11.59.59-300x275.png 300w, https:\/\/www.cote-tuyaux.com\/wp-content\/uploads\/2024\/04\/Capture-decran-2024-04-14-a-11.59.59-768x704.png 768w, https:\/\/www.cote-tuyaux.com\/wp-content\/uploads\/2024\/04\/Capture-decran-2024-04-14-a-11.59.59.png 1340w\" sizes=\"auto, (max-width: 1024px) 100vw, 1024px\" \/><\/figure>\n\n\n\n<figure class=\"wp-block-image size-full is-resized\"><img loading=\"lazy\" decoding=\"async\" width=\"560\" height=\"292\" src=\"https:\/\/www.cote-tuyaux.com\/wp-content\/uploads\/2022\/08\/Logo-Qualibat-RGE-PG-2-1.png\" alt=\"\" class=\"wp-image-68\" style=\"width:207px;height:auto\" srcset=\"https:\/\/www.cote-tuyaux.com\/wp-content\/uploads\/2022\/08\/Logo-Qualibat-RGE-PG-2-1.png 560w, https:\/\/www.cote-tuyaux.com\/wp-content\/uploads\/2022\/08\/Logo-Qualibat-RGE-PG-2-1-300x156.png 300w\" sizes=\"auto, (max-width: 560px) 100vw, 560px\" \/><\/figure>\n\n\n<nav class=\"is-responsive items-justified-center alignwide wp-block-navigation is-content-justification-center is-layout-flex wp-container-core-navigation-is-layout-64ede673 wp-block-navigation-is-layout-flex\" aria-label=\"Navigation En-t\u00eate 3\" \n\t\t data-wp-interactive=\"core\/navigation\" data-wp-context='{\"overlayOpenedBy\":{\"click\":false,\"hover\":false,\"focus\":false},\"type\":\"overlay\",\"roleAttribute\":\"\",\"ariaLabel\":\"Menu\"}'><button aria-haspopup=\"dialog\" aria-label=\"Ouvrir le menu\" class=\"wp-block-navigation__responsive-container-open\" \n\t\t\t\tdata-wp-on--click=\"actions.openMenuOnClick\"\n\t\t\t\tdata-wp-on--keydown=\"actions.handleMenuKeydown\"\n\t\t\t><svg width=\"24\" height=\"24\" xmlns=\"http:\/\/www.w3.org\/2000\/svg\" viewBox=\"0 0 24 24\" aria-hidden=\"true\" focusable=\"false\"><path d=\"M4 7.5h16v1.5H4z\"><\/path><path d=\"M4 15h16v1.5H4z\"><\/path><\/svg><\/button>\n\t\t\t\t<div class=\"wp-block-navigation__responsive-container\"  id=\"modal-1\" \n\t\t\t\tdata-wp-class--has-modal-open=\"state.isMenuOpen\"\n\t\t\t\tdata-wp-class--is-menu-open=\"state.isMenuOpen\"\n\t\t\t\tdata-wp-watch=\"callbacks.initMenu\"\n\t\t\t\tdata-wp-on--keydown=\"actions.handleMenuKeydown\"\n\t\t\t\tdata-wp-on--focusout=\"actions.handleMenuFocusout\"\n\t\t\t\ttabindex=\"-1\"\n\t\t\t>\n\t\t\t\t\t<div class=\"wp-block-navigation__responsive-close\" tabindex=\"-1\">\n\t\t\t\t\t\t<div class=\"wp-block-navigation__responsive-dialog\" \n\t\t\t\tdata-wp-bind--aria-modal=\"state.ariaModal\"\n\t\t\t\tdata-wp-bind--aria-label=\"state.ariaLabel\"\n\t\t\t\tdata-wp-bind--role=\"state.roleAttribute\"\n\t\t\t>\n\t\t\t\t\t\t\t<button aria-label=\"Fermer le menu\" class=\"wp-block-navigation__responsive-container-close\" \n\t\t\t\tdata-wp-on--click=\"actions.closeMenuOnClick\"\n\t\t\t><svg xmlns=\"http:\/\/www.w3.org\/2000\/svg\" viewBox=\"0 0 24 24\" width=\"24\" height=\"24\" aria-hidden=\"true\" focusable=\"false\"><path d=\"m13.06 12 6.47-6.47-1.06-1.06L12 10.94 5.53 4.47 4.47 5.53 10.94 12l-6.47 6.47 1.06 1.06L12 13.06l6.47 6.47 1.06-1.06L13.06 12Z\"><\/path><\/svg><\/button>\n\t\t\t\t\t\t\t<div class=\"wp-block-navigation__responsive-container-content\" \n\t\t\t\tdata-wp-watch=\"callbacks.focusFirstElement\"\n\t\t\t id=\"modal-1-content\">\n\t\t\t\t\t\t\t\t<ul class=\"wp-block-navigation__container is-responsive items-justified-center alignwide wp-block-navigation\"><li class=\" wp-block-navigation-item wp-block-navigation-link\"><a class=\"wp-block-navigation-item__content\"  href=\"https:\/\/www.cote-tuyaux.com\/?page_id=77\"><span class=\"wp-block-navigation-item__label\">Notre entreprise<\/span><\/a><\/li><li class=\" wp-block-navigation-item wp-block-navigation-link\"><a class=\"wp-block-navigation-item__content\"  href=\"https:\/\/www.cote-tuyaux.com\/?page_id=120\"><span class=\"wp-block-navigation-item__label\">Le chauffage<\/span><\/a><\/li><li class=\" wp-block-navigation-item wp-block-navigation-link\"><a class=\"wp-block-navigation-item__content\"  href=\"https:\/\/www.cote-tuyaux.com\/?page_id=127\"><span class=\"wp-block-navigation-item__label\">La climatisation<\/span><\/a><\/li><li class=\" wp-block-navigation-item wp-block-navigation-link\"><a class=\"wp-block-navigation-item__content\"  href=\"https:\/\/www.cote-tuyaux.com\/?page_id=128\"><span class=\"wp-block-navigation-item__label\">Le photovolta\u00efque<\/span><\/a><\/li><li class=\" wp-block-navigation-item wp-block-navigation-link\"><a class=\"wp-block-navigation-item__content\"  href=\"https:\/\/www.cote-tuyaux.com\/?page_id=129\"><span class=\"wp-block-navigation-item__label\">La salle de bains<\/span><\/a><\/li><\/ul>\n\t\t\t\t\t\t\t<\/div>\n\t\t\t\t\t\t<\/div>\n\t\t\t\t\t<\/div>\n\t\t\t\t<\/div><\/nav>","protected":false},"excerpt":{"rendered":"<p>La pompe \u00e0 chaleur : Nous vous accompagnons pour chauffer et rafra\u00eechir votre maison avec une pompe \u00e0 chaleur qui vous permettra d\u2019importantes \u00e9conomies d\u2019\u00e9nergie. Vos services C\u00f4t\u00e9 Tuyaux : &#8211; Visite, \u00e9tude et devis gratuits&#8211; Installation et mise en service&#8211; Contrats d&rsquo;entretien&#8211; Garantie \u00e9tendue \u00e0 5 ans sur les produits Mitsubishi Electric&#8211; Accompagnement au [&hellip;]<\/p>\n","protected":false},"author":1,"featured_media":59,"parent":0,"menu_order":0,"comment_status":"closed","ping_status":"closed","template":"","meta":{"footnotes":""},"class_list":["post-120","page","type-page","status-publish","has-post-thumbnail","hentry"],"yoast_head":"<!-- This site is optimized with the Yoast SEO plugin v20.2.1 - https:\/\/yoast.com\/wordpress\/plugins\/seo\/ -->\n<title>Le chauffage - l&#039;artisan de votre confort<\/title>\n<meta name=\"robots\" content=\"index, follow, max-snippet:-1, max-image-preview:large, max-video-preview:-1\" \/>\n<link rel=\"canonical\" href=\"https:\/\/www.cote-tuyaux.com\/?page_id=120\" \/>\n<meta property=\"og:locale\" content=\"fr_FR\" \/>\n<meta property=\"og:type\" content=\"article\" \/>\n<meta property=\"og:title\" content=\"Le chauffage - l&#039;artisan de votre confort\" \/>\n<meta property=\"og:description\" content=\"La pompe \u00e0 chaleur : Nous vous accompagnons pour chauffer et rafra\u00eechir votre maison avec une pompe \u00e0 chaleur qui vous permettra d\u2019importantes \u00e9conomies d\u2019\u00e9nergie. Vos services C\u00f4t\u00e9 Tuyaux : &#8211; Visite, \u00e9tude et devis gratuits&#8211; Installation et mise en service&#8211; Contrats d&rsquo;entretien&#8211; Garantie \u00e9tendue \u00e0 5 ans sur les produits Mitsubishi Electric&#8211; Accompagnement au [&hellip;]\" \/>\n<meta property=\"og:url\" content=\"https:\/\/www.cote-tuyaux.com\/?page_id=120\" \/>\n<meta property=\"og:site_name\" content=\"l&#039;artisan de votre confort\" \/>\n<meta property=\"article:modified_time\" content=\"2024-04-16T11:21:13+00:00\" \/>\n<meta property=\"og:image\" content=\"https:\/\/www.cote-tuyaux.com\/wp-content\/uploads\/2022\/08\/Logo-seul-21122021-3.png\" \/>\n\t<meta property=\"og:image:width\" content=\"682\" \/>\n\t<meta property=\"og:image:height\" content=\"207\" \/>\n\t<meta property=\"og:image:type\" content=\"image\/png\" \/>\n<meta name=\"twitter:card\" content=\"summary_large_image\" \/>\n<meta name=\"twitter:label1\" content=\"Dur\u00e9e de lecture estim\u00e9e\" \/>\n\t<meta name=\"twitter:data1\" content=\"2 minutes\" \/>\n<script type=\"application\/ld+json\" class=\"yoast-schema-graph\">{\"@context\":\"https:\/\/schema.org\",\"@graph\":[{\"@type\":\"WebPage\",\"@id\":\"https:\/\/www.cote-tuyaux.com\/?page_id=120\",\"url\":\"https:\/\/www.cote-tuyaux.com\/?page_id=120\",\"name\":\"Le chauffage - l&#039;artisan de votre confort\",\"isPartOf\":{\"@id\":\"https:\/\/www.cote-tuyaux.com\/#website\"},\"datePublished\":\"2024-04-14T10:13:27+00:00\",\"dateModified\":\"2024-04-16T11:21:13+00:00\",\"breadcrumb\":{\"@id\":\"https:\/\/www.cote-tuyaux.com\/?page_id=120#breadcrumb\"},\"inLanguage\":\"fr-FR\",\"potentialAction\":[{\"@type\":\"ReadAction\",\"target\":[\"https:\/\/www.cote-tuyaux.com\/?page_id=120\"]}]},{\"@type\":\"BreadcrumbList\",\"@id\":\"https:\/\/www.cote-tuyaux.com\/?page_id=120#breadcrumb\",\"itemListElement\":[{\"@type\":\"ListItem\",\"position\":1,\"name\":\"Accueil\",\"item\":\"https:\/\/www.cote-tuyaux.com\/\"},{\"@type\":\"ListItem\",\"position\":2,\"name\":\"Le chauffage\"}]},{\"@type\":\"WebSite\",\"@id\":\"https:\/\/www.cote-tuyaux.com\/#website\",\"url\":\"https:\/\/www.cote-tuyaux.com\/\",\"name\":\"C\u00f4t\u00e9 Tuyaux\",\"description\":\"Un site utilisant WordPress\",\"potentialAction\":[{\"@type\":\"SearchAction\",\"target\":{\"@type\":\"EntryPoint\",\"urlTemplate\":\"https:\/\/www.cote-tuyaux.com\/?s={search_term_string}\"},\"query-input\":\"required name=search_term_string\"}],\"inLanguage\":\"fr-FR\"}]}<\/script>\n<!-- \/ Yoast SEO plugin. -->","yoast_head_json":{"title":"Le chauffage - l&#039;artisan de votre confort","robots":{"index":"index","follow":"follow","max-snippet":"max-snippet:-1","max-image-preview":"max-image-preview:large","max-video-preview":"max-video-preview:-1"},"canonical":"https:\/\/www.cote-tuyaux.com\/?page_id=120","og_locale":"fr_FR","og_type":"article","og_title":"Le chauffage - l&#039;artisan de votre confort","og_description":"La pompe \u00e0 chaleur : Nous vous accompagnons pour chauffer et rafra\u00eechir votre maison avec une pompe \u00e0 chaleur qui vous permettra d\u2019importantes \u00e9conomies d\u2019\u00e9nergie. Vos services C\u00f4t\u00e9 Tuyaux : &#8211; Visite, \u00e9tude et devis gratuits&#8211; Installation et mise en service&#8211; Contrats d&rsquo;entretien&#8211; Garantie \u00e9tendue \u00e0 5 ans sur les produits Mitsubishi Electric&#8211; Accompagnement au [&hellip;]","og_url":"https:\/\/www.cote-tuyaux.com\/?page_id=120","og_site_name":"l&#039;artisan de votre confort","article_modified_time":"2024-04-16T11:21:13+00:00","og_image":[{"width":682,"height":207,"url":"https:\/\/www.cote-tuyaux.com\/wp-content\/uploads\/2022\/08\/Logo-seul-21122021-3.png","type":"image\/png"}],"twitter_card":"summary_large_image","twitter_misc":{"Dur\u00e9e de lecture estim\u00e9e":"2 minutes"},"schema":{"@context":"https:\/\/schema.org","@graph":[{"@type":"WebPage","@id":"https:\/\/www.cote-tuyaux.com\/?page_id=120","url":"https:\/\/www.cote-tuyaux.com\/?page_id=120","name":"Le chauffage - l&#039;artisan de votre confort","isPartOf":{"@id":"https:\/\/www.cote-tuyaux.com\/#website"},"datePublished":"2024-04-14T10:13:27+00:00","dateModified":"2024-04-16T11:21:13+00:00","breadcrumb":{"@id":"https:\/\/www.cote-tuyaux.com\/?page_id=120#breadcrumb"},"inLanguage":"fr-FR","potentialAction":[{"@type":"ReadAction","target":["https:\/\/www.cote-tuyaux.com\/?page_id=120"]}]},{"@type":"BreadcrumbList","@id":"https:\/\/www.cote-tuyaux.com\/?page_id=120#breadcrumb","itemListElement":[{"@type":"ListItem","position":1,"name":"Accueil","item":"https:\/\/www.cote-tuyaux.com\/"},{"@type":"ListItem","position":2,"name":"Le chauffage"}]},{"@type":"WebSite","@id":"https:\/\/www.cote-tuyaux.com\/#website","url":"https:\/\/www.cote-tuyaux.com\/","name":"C\u00f4t\u00e9 Tuyaux","description":"Un site utilisant WordPress","potentialAction":[{"@type":"SearchAction","target":{"@type":"EntryPoint","urlTemplate":"https:\/\/www.cote-tuyaux.com\/?s={search_term_string}"},"query-input":"required name=search_term_string"}],"inLanguage":"fr-FR"}]}},"_links":{"self":[{"href":"https:\/\/www.cote-tuyaux.com\/index.php?rest_route=\/wp\/v2\/pages\/120","targetHints":{"allow":["GET"]}}],"collection":[{"href":"https:\/\/www.cote-tuyaux.com\/index.php?rest_route=\/wp\/v2\/pages"}],"about":[{"href":"https:\/\/www.cote-tuyaux.com\/index.php?rest_route=\/wp\/v2\/types\/page"}],"author":[{"embeddable":true,"href":"https:\/\/www.cote-tuyaux.com\/index.php?rest_route=\/wp\/v2\/users\/1"}],"replies":[{"embeddable":true,"href":"https:\/\/www.cote-tuyaux.com\/index.php?rest_route=%2Fwp%2Fv2%2Fcomments&post=120"}],"version-history":[{"count":7,"href":"https:\/\/www.cote-tuyaux.com\/index.php?rest_route=\/wp\/v2\/pages\/120\/revisions"}],"predecessor-version":[{"id":166,"href":"https:\/\/www.cote-tuyaux.com\/index.php?rest_route=\/wp\/v2\/pages\/120\/revisions\/166"}],"wp:featuredmedia":[{"embeddable":true,"href":"https:\/\/www.cote-tuyaux.com\/index.php?rest_route=\/wp\/v2\/media\/59"}],"wp:attachment":[{"href":"https:\/\/www.cote-tuyaux.com\/index.php?rest_route=%2Fwp%2Fv2%2Fmedia&parent=120"}],"curies":[{"name":"wp","href":"https:\/\/api.w.org\/{rel}","templated":true}]}}